).
7
Let z = 6553 + -6556. Let h(g) = -4*g - 1. Give h(z).
11
Suppose 2*s + 2*s - 16 = 0, 0 = 5*h - s - 176. Suppose h = -0*z + 4*z + t, 2 = z + 2*t. Let w(u) = u + 4. Calculate w(z).
14
Let g(i) be the first derivative of -i**3/3 + 2*i**2 - 3*i - 2. Suppose 0 = -d + 4. Suppose 3 + 0 = d*y - m, -2*y = -m + 1. Calculate g(y).
1
Let o = -54 + 61. Let s(q) be the first derivative of -q**4/4 + 2*q**3 + 7*q**2/2 + 4*q - 51. Calculate s(o).
4
Let m(a) = -34*a + 933 - 538 - 20*a - 79*a. Determine m(3).
-4
Suppose -17*q - 298 = -94. Let g be (0/(-1))/(q + 10 + 1). Let x(y) be the third derivative of -y**5/60 - y**4/24 + 13*y**3/6 + y**2. Calculate x(g).
13
Let h(n) be the third derivative of -n**6/72 + n**5/60 + 5*n**4/8 + 13*n**3/6 + 345*n**2. Let m(j) be the second derivative of h(j). Give m(4).
-38
Let z(s) be the first derivative of -s**3/3 + 10*s**2 - 111*s - 3656. Determine z(13).
-20
Let s(r) = -156*r + 125. Let u(l) = 125*l - 105. Let f(j) = 4*s(j) + 5*u(j). Let n = -9 - -17. Determine f(n).
-17
Let f = 18 - -12. Let a be (-10)/f*(1 + (-1 - -3)). Let v(w) be the third derivative of 7*w**4/24 - w**3/6 + 3*w**2. Give v(a).
-8
Suppose 5*p = -3*j - 2, -3*j - 3*p + 5 = -1. Let k(y) = 7*y - 15*y**3 + 10*y**3 - 1 - 8*y**2 + j*y**3 + 16*y**2. Determine k(-7).
-1
Let r(j) = 13869*j - 1139. Let a(u) = 73*u - 6. Let h(m) = 1139*a(m) - 6*r(m). Calculate h(-1).
67
Let a(v) = -4*v**2 + 22*v - 8. Let r be a(5). Let t(x) = 2*x + 3*x**3 - 2*x**3 - 66 + 67 + 4*x**r. Calculate t(-4).
-7
Suppose -6*h + 170 - 194 = 0. Let c(u) = u**3 + 5*u**2 - 2*u + 4. Determine c(h).
28
Let k(u) = u**3 - 9*u**2 - 2*u + 78. Let y be k(8). Let a(h) = 4*h + 14. What is a(y)?
6
Suppose l + 28 = 3*b, -b + l = -1 - 7. Suppose 2*i - 2*d - 14 = b, -40 = -4*i + 2*d. Let c(t) = -9*t - 4*t**2 + 4*t + t**3 - i + 5. What is c(5)?
-3
Let o(p) be the first derivative of 9*p**4/4 - p**3/3 - 3*p**2/2 - p + 4463. Suppose 6*f - 5*f = -1. Calculate o(f).
-8
Let h(l) = -l**3 + 12*l**2 - l + 12. Suppose -3*v - 4*x = -60, 2*x - 22 = -3*v + 26. Determine h(v).
0
Let h be 2/2*(26 - 26). Let d(r) = 2*r - 17. What is d(h)?
-17
Let m(o) = -o**3 + o**2 + 3*o + 1. Let b(y) = -6 - 6*y - 4*y**2 + 380*y**3 - 8 - 377*y**3. Let x(f) = -b(f) - 2*m(f). Give x(0).
12
Let o = 1 - 0. Let q be -8 + o + 0/1. Let d(h) = -52*h + 24. Let k(s) = 19*s - 8. Let l(g) = -4*d(g) - 11*k(g). Calculate l(q).
-1
Let g(f) be the second derivative of 3/2*f**2 + f + 0 + 1/4*f**4 - 1/2*f**3 - 1/20*f**5. Suppose -116*b + 207 + 141 = 0. What is g(b)?
-6
Let c = -1088 - -1091. Let g(n) = n**3 + 4*n - 5. Determine g(c).
34
Let h(s) = 14*s**2 + 53*s - 3. Let u be h(-4). Let i(j) = 2*j**2 - 11*j - 3. Give i(u).
60
Let a = -152 - -152. Suppose a = -74*j + 70*j - 24. Let u(i) = -i**2 - 6*i + 5. Calculate u(j).
5
Let u be 0 + 5 + (78/3)/2. Suppose 3*a + 3*w - u = 0, 6*w = -2*a + 2*w + 10. Let b(j) = 9*j + 0 - 7 - 2 + 2*j**2 - 3*j**2. What is b(a)?
5
Let j(i) = i**3 + 13*i**2 - 13*i + 19. Let x be (171/24 - 7) + (-1017)/72. What is j(x)?
5
Suppose w = 5*w + i - 106, -w + 4*i + 18 = 0. Let x(t) = 2*t + 2 + w - 20. Calculate x(-9).
-10
Let s(j) = -j**3 - 7*j**2 - 13*j - 10. Let p be s(-5). Let b(o) be the third derivative of -o**5/60 + 5*o**4/24 - 54*o**2. What is b(p)?
0
Let g(h) be the third derivative of h**5/60 + 5*h**4/12 + 2*h**3 - 13*h**2 - h. Suppose 5*s = -s - 48. Give g(s).
-4
Let b(d) be the first derivative of d**3/3 + 2*d**2 - 4*d - 1. Suppose 0 = -5*x - 3*o - 33, 540*o = 4*x + 550*o + 34. Determine b(x).
8
Let w(m) be the first derivative of -2/3*m**3 - m**2 + 201 + 3*m. Let v(c) = -c**2 - 5*c + 2. Let a be v(-5). Give w(a).
-9
Let h(x) = 15*x + 18*x + 17 - 21 - 34*x - 48. Determine h(-24).
-28
Suppose 0 = -3*q + j + 18, -3*j + 18 = 9*q - 10*q. Let v(o) = 31*o - 282. Determine v(q).
-3
Let l(o) be the second derivative of o**5/20 + 5*o**4/4 + o**3/3 + 8*o**2 - 221*o + 4. Determine l(-15).
-14
Let f(m) = -10 - 16 - 14 + 57 - m - 16. Calculate f(11).
-10
Let n(m) be the third derivative of 17*m**5/60 + m**4/8 + m**3/6 - 3992*m**2. Calculate n(-2).
63
Let f(t) = t**3 - 11*t**2 + 28*t - 28. Suppose 50 = 5*j + 4*v + 30, -5*j - v + 35 = 0. What is f(j)?
4
Let k(b) = 5 - 10*b**2 + 8*b + b**3 + 0*b**3 + 3. Let o = 46 + -106. Let s be (0 - -1 - (-24)/o)*15. Give k(s).
-1
Suppose 0 = -4*y + 5*x + 28, -2*y + 3*x - 48 = -5*y. Suppose 2*z = -3*t + 1, -y = 5*z + 8. Let q(c) = 0*c + t*c - c - 1 - 3*c. Calculate q(-5).
4
Let k(f) = -5*f**3 + 31*f**2 - 3*f + 1. Let g be k(6). Let w(j) = j**3 - 15*j**2 - 77*j + 24. Determine w(g).
5
Let y(n) = -n**2 + 23*n - 20. Suppose 2*p - 3*t = -7*t - 1592, -2388 = 3*p + 4*t. Let u = -774 - p. Give y(u).
2
Let v(f) = 5 - 4299*f + 1435*f + 1429*f + 28 + 1440*f. Calculate v(-15).
-42
Let s(u) = 2635 + u**2 + 18*u - 1319 - 1312. Calculate s(-8).
-76
Let h(n) = 7*n**3 - n**2. Let f = 138 + -47. Let s = f + -90. Suppose z = -0*z - s. Calculate h(z).
-8
Let w(x) = x**3 - 8*x**2 + 10*x + 1. Suppose 0 = j - 24*j - 1150. Let f be (-3460)/(-500) + (-4)/j. What is w(f)?
22
Let h(l) = l**2 - 7*l + 1. Let g(n) = n**2 - 7*n + 1. Let q(z) = -4*g(z) + 5*h(z). Let c(r) = -7*r - 39 - 93 + 22*r. Let f be c(9). What is q(f)?
-11
Let m(u) = -25 - 7*u + 116 + 46 + 174 - 33. Give m(40).
-2
Let q(w) = 95*w**2 + 186*w. Let t be q(-2). Let x(a) = -5*a + 41. Calculate x(t).
1
Suppose 2 = 3*o - 4. Let i(n) = -5*n**2 - 8*n - 4. Let y(p) = p + 1. Let v(a) = -i(a) - 6*y(a). Give v(o).
22
Let y(n) = -23*n + 25. Let q be y(1). Let x(k) = -2*k - 1. Let u(a) = -2*a**2 + 15*a + 5. Let m(h) = -u(h) - 6*x(h). Calculate m(q).
3
Let c(s) = 12*s - 50. Let p(v) = -6*v + 25. Let r(d) = -4*c(d) - 9*p(d). Let u = 3 + 1. Let n be r(u). Let m(k) = -4*k**2 + 1. Give m(n).
-3
Let s(z) = -z**2 - 4*z. Let r(x) = 700 + 4*x - 700 + x**2. Let d(g) = -4*r(g) - 3*s(g). Calculate d(-5).
-5
Suppose 5*x + 8*s = 11*s + 359, x - 82 = 4*s. Suppose 0 = -8*y + y - x. Let r(p) = -p - 9. Calculate r(y).
1
Let w(v) = 85*v + 1. Let x(l) = l**3 + 33*l**2 + 194*l + 83. Let b be x(-7). What is w(b)?
-84
Let x be ((-12)/(-21))/(4/2478). Suppose -14*b - 45*b = x. Let l(u) be the second derivative of u**3/3 + 3*u**2/2 - u. Calculate l(b).
-9
Let c(g) = -g**3 + 58346*g + 6*g**2 - 58346*g + 1. Let n = -17 - -12. Let u be ((-4)/n)/(6/45). What is c(u)?
1
Let x(f) = 6*f**3 - 5*f + 2. Let w(q) = 14*q**3 - 12*q + 6. Let s(i) = -2*w(i) + 5*x(i). Give s(-1).
-3
Let u(v) = 7*v**2 + 134*v + 9. Let t(f) = 8*f**2 + 168*f + 10. Let q(r) = -4*t(r) + 5*u(r). Calculate q(0).
5
Let j(l) = 3*l**2 - 3*l + 13. Suppose -a + 5*r + 13 = 0, 425*a - 423*a = -2*r + 2. What is j(a)?
31
Let c(a) = -3*a - 34. Suppose 9*q + 5*m - 5 = 13*q, -m = -5*q - 22. Determine c(q).
-19
Let y(u) = -9*u**2 + u - 1. Let m(g) = 16*g**2 - g + 1. Let c(n) = -4*m(n) - 7*y(n). Suppose -2*h + 5 = -h. Suppose h*j = -8 - 17. Calculate c(j).
-7
Let m = 9 - 20. Let t(r) = -r**2 - 11*r - 17. Determine t(m).
-17
Let z(n) = -n**2 - 9*n - 4. Suppose -7*r - 1998 = -r. Let w = r + 329. Calculate z(w).
16
Let b be (15 - 1)/(-4 + 2). Let q(o) = 2*o + 12. Let k be q(b). Let x(w) = w - 3. Let a(z) = z. Let m(n) = -6*a(n) + x(n). Determine m(k).
7
Let x(f) = -f**3 + 7*f**2 - 5*f - 3. Let s(t) = -21*t**2 + t + 4. Let m(n) = 1. Let v(z) = -2*m(z) + s(z). Let l be v(2). Let q = l - -84. Determine x(q).
25
Let o(h) be the second derivative of h**4/12 + h**3 + 3*h**2 + 608*h. What is o(-5)?
1
Let b = -50 + 44. Let t(j) = j**3 + 6*j**2 + 11. Let m be t(b). Suppose -m + 6 = 5*r. Let z(u) = -2*u + 1. Give z(r).
3
Suppose -3*s + 33 = -3*r, -s - 24 = -429*r + 433*r. Let p(b) = 2*b + 15. What is p(r)?
1
Let z(d) = 2*d - 172. Let s(m) = -8*m + 170. Let t(j) = -3*s(j) - 2*z(j). Calculate t(8).
-6
Let y = 6889 - 6883. Let n(a) = a**3 - 5*a**2 - 6*a + 13. Determine n(y).
13
Suppose 115 + 56 = -3*u. Let y = u - -64. Let j(i) = i**2 - 9*i + 12. Determine j(y).
-2
Let x(c) = 3*c + 4. Let y be x(-2). Let p(b) = -9*b**3 + 9*b**2 - 26*b - 9. Let w(u) = -2*u**3 + 2*u**2 - 6*u - 2. Let a(k) = 6*p(k) - 26*w(k). Determine a(y).
22
Let w(q) = -2*q**3 + 60*q**2 + 197*q + 37. Let k be w(33). Let n(h) = -h**3 - 2*h**2 + 4*h - 2. Calculate n(k).
-82
Let i be 0 - 4/58 - (-96)/1392. Let x(a) = a**2 + 3*a - 102. Determine x(i).
-102
Let i(y) = y**3 - 17*y**2 - y + 19. Let b(x) =